1584?
True
Is 1276 a multiple of 44?
True
Does 13 divide 39?
True
Does 7 divide 7982?
False
Is 76050 a multiple of 90?
True
Is 22 a factor of 2441?
False
Is 72 a factor of 1070?
False
Is 832 a multiple of 13?
True
Is 44 a factor of 8272?
True
Does 10 divide 4492?
False
Is 65 a factor of 59282?
False
Is 38 a factor of 2629?
False
Is 10304 a multiple of 64?
True
Is 12566 a multiple of 21?
False
Does 5 divide 595?
True
Is 1729 a multiple of 15?
False
Does 45 divide 638?
False
Does 16 divide 784?
True
Is 320 a multiple of 11?
False
Is 1386 a multiple of 33?
True
Is 22 a factor of 1197?
False
Does 26 divide 4995?
False
Does 8 divide 262?
False
Does 154 divide 14839?
False
Does 16 divide 3481?
False
Is 2935 a multiple of 63?
False
Is 46 a factor of 2814?
False
Does 41 divide 3075?
True
Does 53 divide 195?
False
Is 67 a factor of 2007?
False
Does 218 divide 68241?
False
Is 26477 a multiple of 99?
False
Is 46 a factor of 30682?
True
Is 6132 a multiple of 15?
False
Is 13 a factor of 14998?
False
Is 3 a factor of 69?
True
Is 46911 a multiple of 85?
False
Is 30 a factor of 1230?
True
Is 25 a factor of 86775?
True
Is 40 a factor of 25476?
False
Is 145 a multiple of 6?
False
Is 25 a factor of 4175?
True
Is 26 a factor of 5018?
True
Is 240 a factor of 37551?
False
Is 493 a multiple of 4?
False
Is 11 a factor of 95260?
True
Does 2 divide 128?
True
Is 18 a factor of 11592?
True
Is 38 a factor of 6274?
False
Does 5 divide 105?
True
Does 31 divide 703?
False
Does 76 divide 4332?
True
Is 67 a factor of 1381?
False
Is 900 a multiple of 22?
False
Is 13 a factor of 962?
True
Is 1458 a multiple of 178?
False
Does 35 divide 1365?
True
Is 18341 a multiple of 14?
False
Does 7 divide 5600?
True
Does 20 divide 680?
True
Does 14 divide 1012?
False
Is 12 a factor of 2088?
True
Is 3955 a multiple of 113?
True
Does 129 divide 42851?
False
Is 378 a multiple of 63?
True
Is 4457 a multiple of 120?
False
Is 9 a factor of 263?
False
Does 45 divide 135?
True
Is 68146 a multiple of 274?
False
Is 21312 a multiple of 23?
False
Is 245 a multiple of 49?
True
Is 145 a multiple of 5?
True
Is 34 a factor of 952?
True
Is 80 a factor of 23760?
True
Is 9007 a multiple of 15?
False
Is 12 a factor of 6720?
True
Is 37 a factor of 1214?
False
Is 210 a multiple of 3?
True
Does 3 divide 1724?
False
Is 11 a factor of 803?
True
Is 2221 a multiple of 65?
False
Is 848 a multiple of 50?
False
Is 12 a factor of 862?
False
Is 184 a factor of 41755?
False
Does 29 divide 63908?
False
Is 64 a factor of 183?
False
Does 15 divide 30255?
True
Is 20 a factor of 15400?
True
Is 23452 a multiple of 52?
True
Is 598 a multiple of 26?
True
Does 72 divide 13562?
False
Does 108 divide 24435?
False
Is 1368 a multiple of 38?
True
Does 52 divide 2756?
True
Does 16 divide 3824?
True
Is 103 a factor of 6798?
True
Is 1080 a multiple of 54?
True
Does 35 divide 67059?
False
Is 74 a factor of 814?
True
Does 34 divide 8154?
False
Is 917 a multiple of 7?
True
Does 4 divide 904?
True
Does 35 divide 130?
False
Does 17 divide 866?
False
Does 26 divide 25682?
False
Does 12 divide 48?
True
Is 76 a factor of 12768?
True
Is 3775 a multiple of 11?
False
Is 1768 a multiple of 2?
True
Is 31638 a multiple of 6?
True
Does 25 divide 33679?
False
Is 20 a factor of 440?
True
Is 318 a multiple of 21?
False
Is 11 a factor of 571?
False
Is 5 a factor of 90?
True
Is 11 a factor of 176?
True
Does 12 divide 1680?
True
Is 5875 a multiple of 125?
True
Is 702 a multiple of 39?
True
Is 47 a factor of 611?
True
Is 8806 a multiple of 83?
False
Is 30 a factor of 3985?
False
Is 3626 a multiple of 259?
True
Is 100 a multiple of 6?
False
Is 25 a factor of 661?
False
Is 4 a factor of 152?
True
Does 27 divide 15012?
True
Does 137 divide 10834?
False
Is 6 a factor of 3856?
False
Is 15 a factor of 78840?
True
Is 22 a factor of 678?
False
Does 94 divide 434?
False
Does 107 divide 1295?
False
Is 33581 a multiple of 153?
False
Is 1672 a multiple of 44?
True
Is 1800 a multiple of 36?
True
Is 9585 a multiple of 143?
False
Does 184 divide 64952?
True
Is 19 a factor of 252?
False
Does 23 divide 33281?
True
Is 471 a multiple of 17?
False
Is 25 a factor of 2075?
True
Does 3 divide 136?
False
Is 11 a factor of 2167?
True
Is 20 a factor of 1100?
True
Is 9630 even?
True
Does 17 divide 386?
False
Does 4 divide 153?
False
Is 46 a factor of 3536?
False
Is 2492 a multiple of 178?
True
Is 242 a factor of 103369?
False
Does 180 divide 5298?
False
Is 46 a factor of 1196?
True
Does 6 divide 336?
True
Is 3695 a multiple of 5?
True
Is 4012 a multiple of 68?
True
Does 11 divide 105237?
True
Does 8 divide 1043?
False
Is 72 a factor of 171?
False
Does 15 divide 5520?
True
Is 110 a multiple of 5?
True
Does 70 divide 1120?
True
Does 11 divide 1496?
True
Is 8510 a multiple of 37?
True
Is 37 a factor of 844?
False
Does 25 divide 1200?
True
Is 2052 a multiple of 12?
True
Is 182 a multiple of 5?
False
Is 1400 a multiple of 25?
True
Is 27 a factor of 1080?
True
Does 2 divide 156?
True
Is 11 a factor of 2789?
False
Does 13 divide 52?
True
Is 16399 a multiple of 23?
True
Is 21 a factor of 75786?
False
Does 3 divide 202?
False
Is 13 a factor of 5850?
True
Is 47 a factor of 34639?
True
Is 330 a multiple of 31?
False
Is 616 a multiple of 14?
True
Is 1734 a multiple of 69?
False
Is 627 a multiple of 12?
False
Does 57 divide 53427?
False
Is 3890 a multiple of 35?
False
Is 20 a factor of 1500?
True
Is 64 a factor of 8320?
True
Is 9 a factor of 3888?
True
Does 3 divide 480?
True
Is 946 a multiple of 43?
True
Is 506 a multiple of 27?
False
Is 92 a factor of 3680?
True
Is 168 a multiple of 12?
True
Is 13040 a multiple of 24?
False
Is 916 a multiple of 57?
False
Is 189 a multiple of 9?
True
Is 31 a factor of 4005?
False
Does 27 divide 27?
True
Does 9 divide 8289?
True
Is 8 a factor of 1920?
True
Does 9 divide 56?
False
Is 96 a factor of 101568?
True
Is 56 a factor of 1265?
False
Is 29 a factor of 522?
True
Is 3034 a multiple of 97?
False
Is 57 a factor of 906?
False
Does 26 divide 1378?
True
Does 75 divide 300?
True
Does 15 divide 8010?
True
Does 115 divide 3248?
False
Is 21 a factor of 20727?
True
Is 223 a factor of 55973?
True
Is 7918 a multiple of 37?
True
Does 16 divide 3952?
True
Does 95 divide 3725?
False
Is 9 a factor of 3132?
True
Is 3480 a multiple of 29?
True
Is 25 a factor of 9400?
True
Is 29 a factor of 14887?
False
Is 4269 a multiple of 92?
False
Is 26 a factor of 104?
True
Is 2768 a multiple of 8?
True
Does 8 divide 328?
True
Does 60 divide 4181?
False
Does 67 divide 1809?
True
Is 16 a factor of 29?
False
Is 6 a factor of 2850?
True
Is 160 a multiple of 32?
True
Is 242 a factor of 34185?
False
Is 1938 a multiple of 57?
True
Is 33 a factor of 603?
False
Does 82 divide 62812?
True
Is 10044 a multiple of 20?
False
Is 49 a factor of 78939?
True
Is 17 a factor of 488?
False
Does 12 divide 3780?
True
Is 20 a factor of 9260?
True
Is 92 a factor of 15367?
False
Is 32 a factor of 7128?
False
Is 15 a factor of 24975?
True
Does 3 divide 956?
False
Does 24 divide 28908?
False
Does 8 divide 520?
True
Does 43 divide 2007?
False
Is 7 a factor of 14930?
False
Is 2200 a multiple of 88?
True
Does 22 divide 1234?
False
Is 71 a factor of 1633?
True
Is 1380 a multiple of 7?
False
Is 63 a factor of 945?
True
Does 5 divide 28812?
False
Is 1916 a multiple of 9?
False
Does 48 divide 1152?
True
Does 9 divide 575?
False
Does 47 divide 39527?
True
Does 7 divide 943?
False
Does 2 divide 653?
False
Is 13 a factor of 2145?
True
Is 17 a factor of 3138?
False
Does 34 divide 700?
False
Is 362 a multiple of 5?
False
Does 14 divide 30464?
True
Is 9 a factor of 3405?
False
Is 1732 a multiple of 3?
False
Does 34 divide 952?
True
Is 177 a factor of 6974?
False
Does 7 divide 826?
True
Does 6 divide 822?
True
Is 14070 a multiple of 15?
True
Is 4116 a multiple of 42?
True
Is 19 a factor of 36917?
True
Is 13785 a multiple of 15?
True
Is 258 a multiple of 43?
True
Does 5 divide 185?
True
Does 383 divide 19424?
False
Does 3 divide 136?
False
Does 23 divide 23115?
True
Is 18 a factor of 906?
False
Does 113 divide 32657?
True
Is 4400 a multiple of 110?
True
Is 11 a factor of 1903?
True
Is 157 a factor of 2983?
True
Is 756 a multiple of 7?
True
Does 123 divide 6504?
False
Is 23 a factor of 6000?
False
Is 49 a factor of 2793?
True
Is 11